Suppose 7*c = g*c + 121. Let j = -81 + c. List the prime factors of j.
2, 5
Let m = 42558 - -1259. List the prime factors of m.
43, 1019
Let s(d) be the third derivative of d**5/20 - 13*d**4/8 + 64*d**3/3 - 57*d**2 - d. What are the prime factors of s(22)?
2, 19
Let t(l) = l**3 + 33*l**2 - 45*l - 165. List the prime factors of t(-17).
2, 653
Suppose 3*a - 2*g + 4 = 0, 3*a = -7*g + 2*g + 31. Suppose a*l + 2 + 0 = -2*f, 0 = -3*f. List the prime factors of (-405)/(-10) + l/(-2).
41
Let p = -66 - -36. List the prime factors of (-543)/(-7) + p/(-70).
2, 3, 13
Let j(u) = 2*u**3 - 5*u**2 + u + 6. Let d be j(2). Let l(b) = b**3 - 3*b**2 - 3*b + 6. What are the prime factors of l(d)?
2, 5
Suppose x + 13186 = -u + 6*u, -u + 2646 = 2*x. Let z = u - 1316. What are the prime factors of z?
2, 661
Let a = 51459 + -35318. List the prime factors of a.
16141
Let b = -35 - -37. Suppose -b*a - 66 = -u, 2*u = -2*u - 3*a + 286. Let n = u - 2. What are the prime factors of n?
2, 17
Let x(n) = 3 - 134*n + 0 + 131*n - 1. Let j be x(0). Suppose -2*r + 280 = -2*q - j*q, 3*r + 4*q = 460. What are the prime factors of r?
2, 37
Suppose -126707 = 952*l - 975*l. What are the prime factors of l?
7, 787
List the prime factors of (-1)/(35/(-54411)*8/40).
3, 2591
Let d(z) = z**2 + 41*z - 363. List the prime factors of d(21).
3, 313
Suppose -36*k + 33*k - 46049 = -m, m = 2*k + 46057. What are the prime factors of m?
46073
Suppose 10*t = 7*t - f - 3, -13 = 5*t - f. Let l(p) = -31*p**3 - p**2 - 2*p - 6. List the prime factors of l(t).
2, 11
Suppose 61*u = -4*t + 62*u + 43352, 2*t = 2*u + 21670. List the prime factors of t.
3, 3613
Let o be ((-9)/9)/((-6)/24). Suppose o*i - i = 2*c + 2553, 3*c + 844 = i. What are the prime factors of i?
853
Let r = 368 - 380. Let i(p) = -p**2 + 7. Let m be i(0). List the prime factors of (r/m)/((-8)/56).
2, 3
Let v = -360 - -371. What are the prime factors of 2/v - (-1)/((-55)/(-47895))?
13, 67
Let w be (-2929)/2 - (5 - (-99)/(-22)). Let x = 2082 + w. List the prime factors of x.
617
Let g(i) = 623*i**2 + 3*i - 8. What are the prime factors of g(4)?
2, 3, 277
Let m = 23660 - 14696. What are the prime factors of m?
2, 3, 83
Suppose -2*t + j + 12 = 0, 2*t + 5*j = -2*t + 10. Suppose -4*a - 3*k = -483, 10*a + 4*k = t*a + 605. Suppose -a = -7*y + 275. List the prime factors of y.
2, 7
What are the prime factors of (-96774)/1*12/(-24)?
3, 127
Suppose -3*u - u - 16 = 0, 0 = 5*y + 2*u - 43722. What are the prime factors of y?
2, 4373
Let y be 3 - (-4)/(20/15). Suppose 0 = -5*n + y - 1, 0 = -4*d - n + 1041. Suppose -l = -6*l + d. List the prime factors of l.
2, 13
Let m(v) = v**3 + 62*v**2 - 54*v + 97. List the prime factors of m(-43).
2, 5, 751
Let j be (2 - 0)*-2 - 1232/(-8). Let l = j - -114. What are the prime factors of l?
2, 3, 11
Let q(j) = 40*j**2 + 2*j - 8. Let r(c) = 20*c**2 + c - 4. Let s(u) = -6*q(u) + 13*r(u). Suppose -10*f - 2 = -9*f. What are the prime factors of s(f)?
2, 37
What are the prime factors of (15 + (-228)/16)*3668?
3, 7, 131
Let u = -9051 + 12816. What are the prime factors of u?
3, 5, 251
Suppose -36 = 7*i - 22. List the prime factors of ((-1576)/20)/(4/5)*i.
197
Let m(x) = 23*x**2 + x + 26. Let t = 11 + -18. Let l be m(t). Suppose 0 = 5*n - l - 414. What are the prime factors of n?
2, 3, 13
Let j(g) be the first derivative of 29*g**2/2 + 113*g + 10. What are the prime factors of j(28)?
5, 37
Let b be (-10)/(103/327 + 23/(-69)). Suppose -2*c + 163 = -b. What are the prime factors of c?
2, 3, 59
Suppose 12*o - 13*o = -4. Suppose -m - n = -35, m - o*n - 20 = -0*m. Suppose -11*f + m + 496 = 0. What are the prime factors of f?
2, 3
Let k(j) = j**2 - 2*j. Let o be k(-2). Let l(m) = 23 + o*m**2 + m**3 + 25 + 3*m - 47. List the prime factors of l(-6).
5, 11
Let c(h) = 14*h**2 - 1890*h + 12. List the prime factors of c(151).
2, 11, 769
Suppose 0*q + 39 = 3*q - o, -12 = -4*o. Suppose 3*w = 4*b - 340, 2 - q = 3*w. What are the prime factors of b?
2, 41
Suppose 5221 = 3*c - f, 309*c - 8725 = 304*c + 5*f. What are the prime factors of c?
2, 11, 79
Suppose d + y - 175 = 3*y, 2*d - 358 = -4*y. Let a = d - 106. What are the prime factors of a?
71
Suppose 0 = 3*f + 2*g - 162608, 0 = -f + 2*g + 16608 + 37584. What are the prime factors of f/32 + 12/48?
2, 7, 11
Suppose 5*n = 5*k - 285, 3*k + 5*n - 18 = 113. Suppose -104 = -s + k. List the prime factors of s.
2, 3, 13
Suppose 254 = 2*b - 3*n, -4*b + 2*n + 504 = -2*n. Let h be 4 + 4*b/8. List the prime factors of (h/(-99))/(1/(-234)).
2, 3, 13
Let t(c) = c**3 + 13*c**2 + 21*c - 7. Let r be t(-11). Suppose -1094 = -3*u + k, -r*u + 9*u + 4*k = 1795. What are the prime factors of u?
3, 11
Let r(f) = f**3 - 6*f + 3319. Let g be r(0). Suppose 3*w + o = g, 2*w - 1099 = w - 4*o. What are the prime factors of w?
3, 41
Let t(n) be the second derivative of 6*n**5/5 + 2*n**4/3 + 7*n**3/6 - 4*n**2 - 65*n + 1. List the prime factors of t(4).
2, 421
Suppose -30*r + 7695 = -21*r. Suppose -j = 3, -r = -2*i + 7*j - 4*j. List the prime factors of i.
3, 47
Let n(r) = -r**3 + r**2 + 12*r + 5. Let o be n(4). List the prime factors of 5600/o + (2 - -1).
1123
List the prime factors of (4984/(-21))/((-2)/132) + (39 - 43).
2, 3, 5, 29
Let i = -17046 - -26492. What are the prime factors of i?
2, 4723
Let b = 141 - 141. Suppose -19*f + 7*f + 2940 = b. What are the prime factors of f?
5, 7
Let l = 2882 - -820. List the prime factors of l.
2, 3, 617
Let q = -72 + 107. Suppose -3*m - 4*s + 18 = -m, 0 = -2*m - 3*s + 18. Suppose -m*w = -8*w - q. List the prime factors of w.
5, 7
Let m(r) = -r**3 - 20*r**2 - 23*r - 34. Let w be m(-19). Let h = w + -37. Suppose -5*j = 10, -796 = -h*b - 3*j + j. What are the prime factors of b?
2, 5
Let h(v) = 10*v + 5. Let s(x) = 9*x + 5. Let q(c) = -4*h(c) + 3*s(c). Suppose -b + g = 12, 3*b - 2*g = -11 - 21. What are the prime factors of q(b)?
3, 11
Suppose 137*k - 139*k - 2*d = -2564, -5*k = -2*d - 6424. What are the prime factors of k?
2, 3, 107
Let r(n) = -129*n - 44. List the prime factors of r(-12).
2, 47
Let z = 31655 - 17439. List the prime factors of z.
2, 1777
Let d be (-3 - (-55)/20) + 51/12. Suppose -v = -d*k + 2195, 3*k - k - 5*v - 1093 = 0. List the prime factors of k.
3, 61
Let c(b) = -b**2 - 36*b + 53. Let j = -388 + 376. List the prime factors of c(j).
11, 31
Let y(u) = -u**3 + 2*u. Let s be y(2). Let n be (28/4 - 6)*(-2 - 8). List the prime factors of (1*s/(-6))/(n/(-195)).
13
Let k(o) = -19*o**2 + 26*o - 9. Let a be k(6). Let z = a - -986. What are the prime factors of z?
449
Let w be (1885/10)/(3/12). Suppose -o + 77 = 2*s - w, -4*o + 4 = 0. What are the prime factors of s?
5, 83
Let t = 16 + 62. List the prime factors of -8 + t/10 + (-1721)/(-5).
2, 43
Let u = 38322 + -13971. What are the prime factors of u?
3, 8117
Suppose 2*f - 184 = -4*b, -2*f + 365 = 2*b + 269. What are the prime factors of b?
2, 11
Let d = -504 - -472. What are the prime factors of ((-36)/(-16))/(15/d)*-30?
2, 3
Suppose 263570 = 5*t - 3*i, 3*t - 101887 - 56251 = i. List the prime factors of t.
52711
Let l(x) = -x**3 + 16*x**2 - 25*x - 37. Let a be l(14). Suppose -2*h + a*h = -4*k + 4920, 2*h = 4*k - 4940. What are the prime factors of k?
3, 137
Let x = -79 + 93. Suppose -205 = 13*k - x*k. What are the prime factors of k?
5, 41
Let x(f) be the third derivative of 17*f**5/20 - 5*f**4/12 + 3*f**3/2 - 288*f**2. What are the prime factors of x(5)?
2, 617
Let m(n) = -3*n - 6. Let a be m(-3). Suppose -98 = -4*q - 5*r, -a*q + 72 = 3*r - 3. Let k = 39 - q. What are the prime factors of k?
2, 3
Suppose -6*l + 400 = 10*l. List the prime factors of 3/15 - (-28895)/l.
2, 17
Let z(c) = 2*c - 2. Let n be z(4). Suppose 0 = -11*b + 102 + 789. Let a = n + b. What are the prime factors of a?
3, 29
Let w be ((-2)/3)/((-22)/(-12) - 2). Suppose -4*k = 2*b - 3502, -w*k + 888 = -3*k + 3*b. Suppose -6*j - 3*j = -k. List the prime factors of j.
97
Let n(h) = -h**3 + 4*h**2 - h + 9. Let y be n(4). Suppose 2*j - 3*j - y*z = -201, -4*j = 2*z - 786. What are the prime factors of j?
2, 7
Let h = -35246 - -59002. What are the prime factors of h?
2, 5939
Suppose 4*r + 0*r = 28. Let n(f) = 12*f + 10. Let v be n(r). Suppose 4*x = -3*d + v, 3*x = x - 3*d + 44. List the prime factors of x.
5
Suppose -17*u + 714476 = -488546. Suppose -51*k